tiple of 50?
True
Is 31448064 a multiple of 87?
True
Does 11 divide 16114714?
True
Is 1873926752 a multiple of 409?
True
Is 18 a factor of 57105612?
True
Is 1891 a factor of 6756179928?
True
Does 295 divide 969693320?
True
Does 130 divide 166130665?
False
Is 237105382 a multiple of 5007?
False
Is 675681944 a multiple of 1577?
False
Does 35 divide 333198355?
True
Does 123 divide 77180003?
False
Is 23087190 a multiple of 203?
True
Is 5 a factor of 765166818?
False
Is 383645254 a multiple of 36?
False
Is 3 a factor of 1478569?
False
Is 46822517 a multiple of 34?
False
Does 258 divide 71037204?
True
Is 50 a factor of 1525719950?
True
Is 1311107709 a multiple of 1403?
True
Is 5 a factor of 444821050?
True
Does 21 divide 325880184?
True
Does 17744 divide 8576721175?
False
Does 12 divide 62021112?
True
Is 5 a factor of 2058785?
True
Is 7953574860 a multiple of 22?
True
Is 693100674 a multiple of 353?
True
Is 10298448 a multiple of 279?
True
Is 2165808085 a multiple of 77?
False
Is 30 a factor of 19492358?
False
Is 12942885 a multiple of 44?
False
Is 106194268 a multiple of 73?
True
Does 140 divide 10672620?
True
Is 420 a factor of 36003660?
True
Is 805617490 a multiple of 6085?
True
Is 50957964 even?
True
Is 2245285824 a multiple of 400?
False
Is 7 a factor of 16350523?
True
Is 895442607 a multiple of 116?
False
Is 962 a factor of 3746990?
True
Does 6 divide 13338?
True
Is 750 a factor of 201210508?
False
Is 33 a factor of 1506796631?
False
Is 128 a factor of 8894336?
True
Is 3629113 a multiple of 378?
False
Is 147 a factor of 182464540?
False
Is 56 a factor of 107653672?
True
Does 114 divide 7681918?
False
Is 2013653979 a multiple of 621?
True
Is 2 a factor of 28339592?
True
Is 239 a factor of 165711367?
True
Is 155862775 a multiple of 738?
False
Does 1758 divide 607779073?
False
Does 554 divide 85782468?
True
Is 123360772 a multiple of 2246?
False
Is 48701692 a multiple of 214?
True
Is 67266791 a multiple of 15?
False
Is 5067782160 a multiple of 60?
True
Is 3819472 a multiple of 388?
True
Is 76 a factor of 1523687303?
False
Is 254898769 a multiple of 915?
False
Is 41654926 a multiple of 106?
True
Is 248298287 a multiple of 30?
False
Is 6920 a factor of 2423958360?
True
Is 2824 a factor of 3787681007?
False
Does 2429 divide 2025564961?
True
Does 8073 divide 1055120739?
False
Is 1032736228 a multiple of 20?
False
Does 11 divide 1667530527?
False
Does 6 divide 696185838?
True
Is 779803552 a multiple of 176?
True
Is 826 a factor of 385011816?
True
Is 6542112 a multiple of 8?
True
Is 2484 a factor of 480210262?
False
Is 15025432 a multiple of 276?
False
Is 112 a factor of 105627760?
True
Does 40 divide 538633306?
False
Does 3 divide 6569543?
False
Does 46 divide 156165952?
True
Is 10048584 a multiple of 12?
True
Is 115 a factor of 105892690?
True
Does 224 divide 29095584?
True
Is 277 a factor of 25729976?
True
Is 1252 a factor of 56443916?
True
Is 11 a factor of 118907745?
True
Does 3 divide 6326393?
False
Does 3 divide 10094978?
False
Is 59770906 a multiple of 181?
True
Is 161 a factor of 6031881?
False
Is 4 a factor of 43326944?
True
Is 672 a factor of 2606305326?
False
Does 22 divide 708674538?
True
Is 5078 a factor of 67126082?
True
Does 94 divide 5604374?
True
Does 3617 divide 632158503?
False
Is 316430993 a multiple of 107?
True
Is 36815957 a multiple of 173?
True
Does 461 divide 196340772?
False
Is 14 a factor of 71132051?
False
Is 55 a factor of 153301711?
False
Is 16 a factor of 119285687?
False
Does 40 divide 40644095?
False
Is 35117768 a multiple of 7?
True
Does 60 divide 91956?
False
Does 11 divide 269620648?
True
Does 135 divide 19456988?
False
Does 229 divide 619435840?
True
Does 10 divide 10677940?
True
Is 3114 a factor of 331145874?
True
Does 18 divide 10350992?
False
Is 407621 a multiple of 1764?
False
Is 499129646 a multiple of 1089?
False
Is 25628895 a multiple of 264?
False
Is 73957910 a multiple of 1065?
False
Does 72 divide 283032?
True
Is 11 a factor of 20413482?
False
Is 163489810 a multiple of 110?
True
Is 58753015 a multiple of 940?
False
Is 283620562 a multiple of 19?
True
Does 720 divide 460479?
False
Does 335 divide 168047725?
True
Is 80489505 a multiple of 325?
False
Is 28839382 a multiple of 1157?
True
Is 74069743 a multiple of 101?
False
Is 396 a factor of 7342382?
False
Is 11 a factor of 326039494?
True
Is 267 a factor of 3075676062?
True
Is 492059141 a multiple of 1930?
False
Is 47 a factor of 1751656318?
False
Does 1464 divide 690060792?
True
Does 641 divide 88959225?
False
Is 2720298957 a multiple of 737?
False
Is 27742176 a multiple of 72?
True
Is 19 a factor of 96388197?
True
Is 104456547 a multiple of 27?
True
Is 37 a factor of 3566874?
True
Does 17 divide 576177702?
True
Is 44 a factor of 1019777412?
False
Is 28 a factor of 92249168?
False
Is 667633608 a multiple of 62?
True
Does 308 divide 19546639?
False
Is 353256572 a multiple of 861?
False
Does 102 divide 341145222?
True
Is 525229056 a multiple of 4752?
True
Does 4050 divide 1086023700?
True
Does 101 divide 345832686?
True
Does 5912 divide 185980625?
False
Is 2140 a factor of 2632058223?
False
Does 118 divide 365291512?
False
Does 13 divide 565056142?
False
Is 64 a factor of 515525901?
False
Does 3284 divide 4224277469?
False
Does 701 divide 485092081?
False
Is 696624 a multiple of 2?
True
Does 976 divide 3800171?
False
Is 766 a factor of 1206028700?
True
Is 630597204 a multiple of 227?
False
Does 194 divide 817173952?
False
Is 139421445 a multiple of 159?
False
Is 181 a factor of 2741072559?
False
Does 10 divide 72754227?
False
Is 11 a factor of 956941?
False
Does 14 divide 7248542?
True
Is 30 a factor of 2254301782?
False
Is 681000185 a multiple of 2869?
True
Is 5280615 a multiple of 21?
False
Does 57 divide 1577764047?
True
Does 12 divide 33300554?
False
Does 2 divide 279642327?
False
Is 438219639 a multiple of 1242?
False
Is 22 a factor of 32217975?
False
Is 829777232 a multiple of 464?
True
Is 355 a factor of 1221734923?
False
Does 3827 divide 118060841?
False
Does 138 divide 831242858?
False
Is 1864246032 a multiple of 198?
True
Does 126 divide 656795657?
False
Is 228108631 a multiple of 9?
False
Is 265 a factor of 1541609145?
True
Does 1254 divide 75355368?
True
Is 1188105498 a multiple of 4093?
False
Does 2376 divide 726230688?
False
Is 108154102 a multiple of 62?
True
Is 392045676 a multiple of 73?
False
Is 832 a factor of 179702161?
False
Is 164035120 a multiple of 16?
True
Is 17 a factor of 632111701?
False
Is 29065512 a multiple of 12?
True
Is 34 a factor of 319390640?
False
Is 603096128 a multiple of 1277?
False
Is 20 a factor of 19058420?
True
Is 14 a factor of 1760099?
False
Does 355 divide 740783074?
False
Does 146 divide 5964098529?
False
Is 5978823 a multiple of 141?
True
Does 725 divide 16315400?
True
Is 99 a factor of 2364181875?
True
Is 9 a factor of 52169693?
False
Is 271283 a multiple of 5?
False
Does 37 divide 162747?
False
Is 97738616 a multiple of 40?
False
Is 393 a factor of 46912410?
True
Is 98534898 a multiple of 1518?
True
Is 591 a factor of 471074280?
True
Is 1181835284 a multiple of 1570?
False
Is 4798 a factor of 122852094?
False
Is 760 a factor of 20155960?
True
Does 3069 divide 61152324?
False
Does 2774 divide 64567624?
True
Does 51 divide 8144435?
False
Does 21 divide 293055147?
True
Is 203337505 a multiple of 20?
False
Does 1839 divide 186988874?
False
Does 1342 divide 56059210?
False
Is 22 a factor of 658055948?
True
Does 899 divide 185705748?
False
Does 427 divide 1031745155?
True
Does 3 divide 8862150?
True
Does 195 divide 1807828230?
True
Is 387 a factor of 709894645?
False
Is 2029748952 a multiple of 6321?
True
Does 4130 divide 503378357?
False
Does 5299 divide 1234820671?
True
Is 12 a factor of 20783160?
True
Is 11006952 a multiple of 2651?
True
Is 14 a factor of 788747246?
True
Is 739 a factor of 21627658?
False
Is 104504880 a multiple of 15?
True
Is 1938143 a multiple of 72?
False
Is 297465394 a multiple of 23?
True
Does 15 divide 18153498?
False
Is 146 a factor of 12557314?
True
Is 43 a factor of 346335545?
True
Is 69 a factor of 4406096085?
True
Does 11 divide 772947824?
True
Does 3066 divide 129786846?
True
Is 213067210 even?
True
Is 179 a factor of 28145097?
False
Is 356144956 a multiple of 184?
False
Does 